/60 - 7*p**4/24 - 5*p**3/6 - p**2/2 + 3. Let o(c) be the second derivative of q(c). What is the units digit of o(-6)?
1
Suppose 5*h + 3*y - 26 = -3, -4*h = -3*y - 13. Suppose h*c - c + r = 8, 3*c + 2*r = 7. What is the units digit of 1*2 + 4 + c?
9
Let o(i) = 16*i. What is the units digit of o(1)?
6
Let h(w) = -2*w**3 - 7*w**2 - 3*w + 4. What is the units digit of h(-4)?
2
Let c(w) = 9*w - 9. What is the units digit of c(7)?
4
Let x(l) = -2*l. Let c be x(-1). Let u = 0 + 2. Suppose m = -g + 7, -u*g + c = -3*g - 4*m. What is the units digit of g?
0
Let m = 78 - 51. What is the units digit of m?
7
Let l = -4 + 11. Suppose y - 6 = l. What is the tens digit of y?
1
Let b(f) = 2*f + 2*f**2 - 5*f**2 + 5*f**3 - 4*f**3. Let u be b(2). Suppose -t + 9 = -u*t. What is the units digit of t?
9
Let s = -8 - -17. Let l = s + 9. Suppose 4*o - 3*m + 0*m = 29, l = 3*o - 3*m. What is the tens digit of o?
1
Let y be 5 - ((2 - 2) + 1). Suppose -c - y*c = -190. What is the tens digit of c?
3
Let h be (-80)/(-45) + (-2)/(-9). Suppose -h*m + 87 = m. What is the tens digit of m?
2
Let q be -3*(1 + 26/(-6)). What is the units digit of q - (2 + (-3)/3)?
9
Suppose 162 = 2*r - 0*t - 2*t, 0 = 2*r - t - 167. What is the units digit of r?
6
What is the tens digit of (245/(-14) + 3)/(2/(-4))?
2
Suppose -2*j - 3*j = -35. Let w(i) = 3*i - 5. What is the units digit of w(j)?
6
Let i(s) be the first derivative of -s**3/3 - 5*s**2/2 + 7*s - 1. Let p(t) = -2*t + 7. Let l be p(6). What is the units digit of i(l)?
7
Suppose -49 = 4*r + 3*q, 28 = 5*r + 4*q + 90. Let x be (-45)/r - 2/4. Suppose 3*i = x*i - 11. What is the units digit of i?
1
Let k = 22 + -20. Suppose -4*i = k*i - 162. What is the tens digit of i?
2
Suppose 4*p - 3*p - 5 = 0. Suppose p*g = -0*g + 125. What is the units digit of g?
5
Let w(g) be the first derivative of 2*g**3 - g + 2. Let p be w(-2). Suppose 3*t - p = -v - v, 2*v + 2*t = 18. What is the units digit of v?
4
Let t(k) = -9*k. Let b = 3 + -4. Let w be b/3 - 4/6. What is the units digit of t(w)?
9
Let w(o) = -187*o**3 + 2*o**2 - 1. Let u be w(1). What is the tens digit of u/(-15) - (-2)/(-5)?
1
Suppose -4*y + 530 = 3*v, 0*y = 2*y - v - 260. What is the units digit of y?
1
Let j(v) = 2*v**2 - 3*v + 3. Let t be j(2). Let c(k) = 2*k - 1. What is the units digit of c(t)?
9
Suppose -5*p - 2*m + 194 = 0, -3*m = -5*m - 6. Suppose -2*c = -3*c + p. Suppose 0 = 3*q + 4*g + 5, 4*q - c = 7*g - 3*g. What is the units digit of q?
5
Let d be (-98 - 3/1)/(-1). What is the tens digit of (-12)/(-24) + d/2?
5
Let x = -1 - -6. Suppose m = 8 + x. What is the units digit of m?
3
Suppose -2 = -j - 0*j. Let m be j - 2/((-6)/9). Suppose -4*f + 8 = -5*r, f + 0*r + 13 = m*r. What is the units digit of f?
7
Let w(d) = -d - 6. Let m be w(0). Let i = m + 8. What is the units digit of i?
2
Suppose c - 10 = 2. Let k = 21 + c. What is the tens digit of k?
3
Let s = -187 - -371. What is the tens digit of s?
8
What is the tens digit of 22*6 - (-3 - 1)?
3
Suppose 185 = 5*h - b - 365, -5*h + 550 = 2*b. What is the hundreds digit of h?
1
Let q be ((-6)/8)/((-2)/(-848)). Let y be 1/4 + q/(-8). Suppose 3*n + y = 5*c - 2*n, 3*n - 18 = -3*c. What is the units digit of c?
7
Suppose -4*s - 4 = -2*s. Let c = 0 - s. What is the units digit of c?
2
What is the units digit of (-12 - -15)/((-3)/(-113))?
3
Let w be ((-1)/(-2))/(2/80). Suppose 0 = 2*n + 5*g - 1, -3*g - g = w. What is the tens digit of n?
1
Let y be 2/(-4)*8/(-1). Suppose -5 = 5*n + 5*f, -y*f + 0*f = 5*n + 3. What is the units digit of (n - 3) + (8 - 4)?
2
Let b(n) = n**3 + 10*n**2 + 5*n - 13. What is the units digit of b(-9)?
3
Suppose 4*u - 72 = -2*x, 6*x + 60 = 5*u + x. What is the units digit of 120/u*(2 - 0)?
5
Suppose 2*a - 7*a - 3*p + 88 = 0, -90 = -5*a - 5*p. Suppose -5*g + 183 + a = 0. What is the units digit of g?
0
Let b be 8/(-12) + (-14)/(-3). Suppose 5*c = 5*p - 10, 2*c - 3*p + 16 = b*c. Let g = c - -2. What is the units digit of g?
4
Let l be ((-20)/25)/(4/(-10)). Let c be (l + 0 - 3) + 19. Let t = c + -9. What is the units digit of t?
9
Suppose x + 4 = 0, -u - 69 = -2*u - 5*x. What is the tens digit of u?
8
Let r(o) be the second derivative of o**5/20 - o**4/4 - o**3/3 - 2*o**2 - 5*o. What is the units digit of r(4)?
4
Suppose 2*n + 0*n = 4. Suppose -p - 4*b - 9 = -n*p, 0 = p + 5*b + 9. Suppose 0 = q - p, 0*r + 3*r - q - 29 = 0. What is the tens digit of r?
1
Let r(v) = -10*v + 85. What is the units digit of r(-17)?
5
Let s(r) = -r + 4. Let h be s(5). What is the units digit of (-6)/(-8) - h/4?
1
Let x(v) = -v - 9. Let u be x(-7). Let y be (-250)/(-7) - u/7. Suppose 5*n - y = n. What is the units digit of n?
9
Suppose 0 = -3*l + 4*l + 1. Let n be (l - -1)/(-2 + 1). Suppose n = -3*f - 3*w + 12, 3*f + 3*w - 9 = -w. What is the units digit of f?
7
Let m(q) = 203*q**2 + q - 1. What is the tens digit of m(1)?
0
Let q(u) = u**3 + 5*u**2 - 6*u + 3. Let f be q(-6). Suppose 2*c - 11 = -f. Suppose 0 = c*h - 16, 5*m - 14 + 0 = 4*h. What is the units digit of m?
6
Let w be (-3)/3*(-1 + 0). Let l be (3*w)/((-2)/4). What is the units digit of (2/l)/(2/(-6))?
1
Let m(p) = p - 3. Suppose -4*b - 13 = -5*n, -2*b + 19 = 2*n + b. Let k be m(n). Suppose 48 = 5*q - k. What is the tens digit of q?
1
Let r be (24/(-60))/(2/(-20)). Suppose -2*j + o = 0, r*j = 2*j + 3*o - 8. What is the units digit of j?
2
Let a(n) = -n - 1. Let r be a(-5). Suppose -r*b + 9 = -11. What is the units digit of -5*(2 - 18/b)?
8
Suppose i - 4 + 2 = 0. Suppose -i*j + 3 + 3 = 0. Suppose 0*t - 3*t + j = 0. What is the units digit of t?
1
Suppose 297 = 5*c + q, -125 = 4*c - 3*q - 355. What is the units digit of c?
9
Suppose -5*s = -5*f - 5, -4*s - s = 4*f - 41. Let x = -5 + -6. Let a = f - x. What is the units digit of a?
5
Suppose 0 = 4*z - 4*i - 12, -4*i - 9 - 1 = -3*z. Suppose -30 = z*b - 4*b. What is the units digit of b?
5
Let g = 130 - 42. Suppose 1 = 2*n - k - 43, -4*k = 4*n - g. What is the units digit of n?
2
Let h be (-7 + 9)/(4/6). Suppose -2*p + 3*d + 1 = 0, h - 6 = -3*p + 4*d. What is the units digit of -2 + p/1 - -1?
4
Let g(h) = 2*h**3 - 3*h**2 + h + 1. Let d = -3 + 5. Let v be g(d). What is the units digit of (5 + v)*1/3?
4
Let h(p) = -2*p - 4. Let o be h(-5). Suppose 54 = o*m - 2*m - 2*x, -x + 51 = 4*m. What is the units digit of m?
3
Suppose 236 = 16*m - 12*m. What is the tens digit of m?
5
Let l = 17 + -15. What is the units digit of (-275)/(-11) + 2/l?
6
Let a be 492/15*10/4. What is the units digit of (-1)/4 - a/(-8)?
0
Suppose 0 = j - 29 - 26. What is the tens digit of j?
5
Suppose -5*f - 6 - 24 = 0. Let k = 10 + f. Suppose -7 = -4*t + 3*z, -z = -t + 6 - k. What is the units digit of t?
1
What is the tens digit of -2 + 0 + 2 + 1494/6?
4
Let f = -20 - -38. Let j = f - 11. What is the units digit of j?
7
Let k(i) = i**3 + i + 1. Let m(w) = 7*w**3 - w**2 + 7*w + 2. Let x(r) = -6*k(r) + m(r). What is the tens digit of x(3)?
1
Let x = 3 + 2. Suppose 0 = x*d - 10. What is the units digit of d?
2
Let k(y) = -y**2 - 8*y + 5. Let w be 78/(-10) + 3/(-15). Let t be k(w). Suppose -25 + 5 = t*d, -17 = -3*u - d. What is the units digit of u?
7
Let c = 0 - 6. Let h = -3 - c. Suppose h*u + 12 = 36. What is the units digit of u?
8
Suppose 3*x - 2 + 5 = 0. What is the tens digit of 108/(-8)*(x - 1)?
2
Let m be 1/4 - 30/(-8). Let i be (2/m)/(-1)*2. What is the units digit of 2*3 - (-2 - i)?
7
Let t = -12 - -16. Suppose t*k - 2*g - 72 = 0, -10 = -3*g - 2*g. What is the tens digit of k?
1
Let w(i) be the first derivative of i**3/3 - 7*i**2/2 + 13*i + 4. What is the tens digit of w(9)?
3
Let t(s) = -s - 10. Let g be t(-15). Let l(m) = 6*m + 10. What is the units digit of l(g)?
0
Suppose 0 = -2*l - s - 24, -7*l + 2*l = 5*s + 70. Let o = 9 - l. What is the units digit of o?
9
Let a be 1/(2/(-6)) + 123. Suppose -5*d = -d + a. What is the units digit of (-57)/(-5) - (-12)/d?
1
Suppose 4*l - 2*l - 8 = 0. Suppose 2*x + 0*x + 5*v - 29 = 0, 0 = -l*v + 12. What is the units digit of x?
7
Let d = 199 + -315. What is the units digit of 14/21 + d/(-6)?
0
Let i = 322 + -226. What is the tens digit of i?
9
Suppose 3*b + 0*r - 26 = 4*r, 4*r = -2*b - 16. Suppose b*s + 0*s - 64 = 0. Suppose 0*y + s = 4*y. What is the units digit of y?
8
Let j(i) = -4*i - 7. Let h be j(-7). Let l = -11 + h. 